
What is the ten thousands digit of 621404?
2
What is the hundred thousands digit of 18212427?
2
What is the hundreds digit of 21398736?
7
What is the hundreds digit of 899797?
7
What is the ten thousands digit of 452318?
5
What is the hundred thousands digit of 216575?
2
What is the units digit of 85836?
6
What is the tens digit of 979766?
6
What is the tens digit of 10043471?
7
What is the tens digit of 15359075?
7
What is the tens digit of 291739?
3
What is the ten thousands digit of 199850?
9
What is the ten thousands digit of 32849?
3
What is the thousands digit of 958911?
8
What is the units digit of 4676381?
1
What is the ten millions digit of 11336222?
1
What is the units digit of 9143105?
5
What is the thousands digit of 99116?
9
What is the units digit of 759937?
7
What is the ten thousands digit of 6530189?
3
What is the millions digit of 29345971?
9
What is the units digit of 4822?
2
What is the ten thousands digit of 292799?
9
What is the thousands digit of 452659?
2
What is the thousands digit of 2007224?
7
What is the millions digit of 7402018?
7
What is the hundreds digit of 5219981?
9
What is the millions digit of 4832883?
4
What is the ten thousands digit of 1294927?
9
What is the thousands digit of 738574?
8
What is the units digit of 645995?
5
What is the units digit of 522957?
7
What is the hundred thousands digit of 5873516?
8
What is the units digit of 260643?
3
What is the ten millions digit of 23267683?
2
What is the units digit of 7090478?
8
What is the ten thousands digit of 1212931?
1
What is the millions digit of 1282468?
1
What is the tens digit of 3211450?
5
What is the thousands digit of 361256?
1
What is the thousands digit of 58579?
8
What is the hundred thousands digit of 283275?
2
What is the thousands digit of 30255311?
5
What is the units digit of 12453386?
6
What is the tens digit of 52886?
8
What is the thousands digit of 13132351?
2
What is the tens digit of 6632269?
6
What is the hundreds digit of 651300?
3
What is the units digit of 39313681?
1
What is the thousands digit of 1570622?
0
What is the hundreds digit of 382709?
7
What is the millions digit of 10341454?
0
What is the hundred thousands digit of 339244?
3
What is the hundred thousands digit of 959220?
9
What is the ten thousands digit of 18577008?
7
What is the ten thousands digit of 20091?
2
What is the tens digit of 18147897?
9
What is the thousands digit of 11388036?
8
What is the thousands digit of 760160?
0
What is the hundred thousands digit of 652668?
6
What is the ten thousands digit of 3688161?
8
What is the thousands digit of 506166?
6
What is the millions digit of 3489522?
3
What is the thousands digit of 359212?
9
What is the thousands digit of 353409?
3
What is the hundred thousands digit of 1713938?
7
What is the thousands digit of 676514?
6
What is the hundreds digit of 763058?
0
What is the units digit of 2672133?
3
What is the ten thousands digit of 9887228?
8
What is the tens digit of 3213525?
2
What is the tens digit of 19492310?
1
What is the millions digit of 1678224?
1
What is the units digit of 553547?
7
What is the units digit of 1724075?
5
What is the units digit of 2235403?
3
What is the ten thousands digit of 152793?
5
What is the thousands digit of 347614?
7
What is the tens digit of 3311673?
7
What is the tens digit of 215894?
9
What is the hundred thousands digit of 188887?
1
What is the hundreds digit of 1054208?
2
What is the units digit of 29591422?
2
What is the tens digit of 24302481?
8
What is the thousands digit of 4473553?
3
What is the tens digit of 556611?
1
What is the hundreds digit of 588078?
0
What is the thousands digit of 66097?
6
What is the hundred thousands digit of 511194?
5
What is the tens digit of 16414?
1
What is the units digit of 362635?
5
What is the hundred thousands digit of 3429298?
4
What is the ten thousands digit of 85630?
8
What is the units digit of 3091914?
4
What is the units digit of 459489?
9
What is the hundred thousands digit of 673204?
6
What is the ten thousands digit of 1185558?
8
What is the hundreds digit of 495528?
5
What is the hundreds digit of 2068861?
8
What is the units digit of 493852?
2
What is the tens digit of 125315?
1
What is the tens digit of 100035?
3
What is the ten thousands digit of 1880322?
8
What is the ten thousands digit of 7212081?
1
What is the units digit of 31947508?
8
What is the thousands digit of 322404?
2
What is the hundred thousands digit of 4289053?
2
What is the units digit of 81593?
3
What is the tens digit of 6844?
4
What is the tens digit of 2239492?
9
What is the hundreds digit of 7555277?
2
What is the tens digit of 7285887?
8
What is the units digit of 6427?
7
What is the hundred thousands digit of 469587?
4
What is the units digit of 4361879?
9
What is the ten millions digit of 10961551?
1
What is the ten thousands digit of 5564548?
6
What is the hundreds digit of 11734790?
7
What is the tens digit of 165249?
4
What is the thousands digit of 237259?
7
What is the thousands digit of 88804?
8
What is the millions digit of 4536575?
4
What is the ten thousands digit of 52150?
5
What is the ten millions digit of 10071819?
1
What is the hundred thousands digit of 934581?
9
What is the hundreds digit of 665083?
0
What is the thousands digit of 41376?
1
What is the tens digit of 2145852?
5
What is the thousands digit of 4301815?
1
What is the hundreds digit of 24745072?
0
What is the units digit of 14764435?
5
What is the ten thousands digit of 275384?
7
What is the units digit of 488560?
0
What is the millions digit of 13427077?
3
What is the ten thousands digit of 590654?
9
What is the thousands digit of 3841904?
1
What is the thousands digit of 3978050?
8
What is the thousands digit of 1893228?
3
What is the ten thousands digit of 273589?
7
What is the tens digit of 1422841?
4
What is the hundred thousands digit of 22383847?
3
What is the millions digit of 15439278?
5
What is the ten thousands digit of 15423525?
2
What is the ten thousands digit of 490863?
9
What is the hundred thousands digit of 4525499?
5
What is the hundreds digit of 239752?
7
What is the ten thousands digit of 816011?
1
What is the tens digit of 3383636?
3
What is the millions digit of 2284685?
2
What is the hundreds digit of 94931?
9
What is the tens digit of 1137609?
0
What is the hundred thousands digit of 3697876?
6
What is the tens digit of 115068?
6
What is the hundreds digit of 192071?
0
What is the ten thousands digit of 23671882?
7
What is the units digit of 205841?
1
What is the hundreds digit of 5762335?
3
What is the hundred thousands digit of 201033?
2
What is the ten thousands digit of 1518202?
1
What is the hundreds digit of 600039?
0
What is the units digit of 130606?
6
What is the ten thousands digit of 9458448?
5
What is the units digit of 329338?
8
What is the thousands digit of 1271342?
1
What is the ten thousands digit of 469763?
6
What is the thousands digit of 49029?
9
What is the hundreds digit of 345146?
1
What is the hundreds digit of 172527?
5
What is the hundred thousands digit of 913536?
9
What is the hundred thousands digit of 14512348?
5
What is the hundred thousands digit of 5757222?
7
What is the thousands digit of 1187882?
7
What is the hundred thousands digit of 6901883?
9
What is the units digit of 942216?
6
What is the tens digit of 16338259?
5
What is the tens digit of 293643?
4
What is the thousands digit of 37717?
7
What is the ten thousands digit of 744368?
4
What is the millions digit of 18066912?
8
What is the ten thousands digit of 215338?
1
What is the units digit of 300967?
7
What is the ten thousands digit of 19525882?
2
What is the ten thousands digit of 94340?
9
What is the units digit of 525079?
9
What is the hundreds digit of 172647?
6
What is the ten thousands digit of 36803109?
0
What is the thousands digit of 9473385?
3
What is the ten thousands digit of 129873?
2
What is the hundreds digit of 351745?
7
What is the tens digit of 315773?
7
What is the tens digit of 1634488?
8
What is the thousands digit of 345744?
5
What is the hundreds digit of 340577?
5
What is the ten thousands digit of 39669?
3
What is the tens digit of 305777?
7
What is the millions digit of 1741764?
1
What is the units digit of 86893